igit of 4250563?
4
What is the tens digit of 156697139?
3
What is the ten millions digit of 610132928?
1
What is the hundred thousands digit of 262503891?
5
What is the ten thousands digit of 2592219068?
1
What is the ten millions digit of 119912304?
1
What is the thousands digit of 58221025?
1
What is the tens digit of 162781478?
7
What is the hundred thousands digit of 68030225?
0
What is the hundreds digit of 2954319425?
4
What is the hundred thousands digit of 27277028?
2
What is the hundred thousands digit of 2426921091?
9
What is the millions digit of 722007803?
2
What is the ten thousands digit of 4580280851?
8
What is the ten thousands digit of 3373630555?
3
What is the tens digit of 62852801?
0
What is the hundred thousands digit of 100149179?
1
What is the hundreds digit of 295353264?
2
What is the ten thousands digit of 106873393?
7
What is the hundred thousands digit of 3318371803?
3
What is the ten millions digit of 208415163?
0
What is the thousands digit of 115787185?
7
What is the units digit of 707794601?
1
What is the ten thousands digit of 236350066?
5
What is the tens digit of 2864823509?
0
What is the hundred millions digit of 132188869?
1
What is the thousands digit of 4270043967?
3
What is the hundred millions digit of 291778098?
2
What is the tens digit of 833371061?
6
What is the thousands digit of 126955523?
5
What is the hundred millions digit of 5895125275?
8
What is the ten millions digit of 1180338261?
8
What is the units digit of 86076073?
3
What is the ten millions digit of 37499393?
3
What is the millions digit of 765927312?
5
What is the millions digit of 63198228?
3
What is the hundred millions digit of 591968051?
5
What is the hundred millions digit of 1356087475?
3
What is the tens digit of 361406718?
1
What is the billions digit of 1875530207?
1
What is the millions digit of 10718771?
0
What is the thousands digit of 63445842?
5
What is the ten millions digit of 245587889?
4
What is the tens digit of 351354020?
2
What is the tens digit of 136739975?
7
What is the ten thousands digit of 80864730?
6
What is the hundred millions digit of 279555544?
2
What is the hundreds digit of 107597049?
0
What is the hundred millions digit of 355332727?
3
What is the units digit of 13267001?
1
What is the ten millions digit of 284222509?
8
What is the hundred millions digit of 290364904?
2
What is the billions digit of 2060504286?
2
What is the thousands digit of 7469280319?
0
What is the hundred thousands digit of 890727721?
7
What is the units digit of 698895524?
4
What is the ten millions digit of 302831489?
0
What is the hundreds digit of 2625177080?
0
What is the thousands digit of 1507373211?
3
What is the ten thousands digit of 410843774?
4
What is the ten thousands digit of 103996412?
9
What is the hundreds digit of 754038483?
4
What is the millions digit of 19219831?
9
What is the hundred thousands digit of 483174984?
1
What is the units digit of 347265876?
6
What is the thousands digit of 227586277?
6
What is the hundred millions digit of 195052164?
1
What is the units digit of 1098008117?
7
What is the tens digit of 243543179?
7
What is the tens digit of 434789684?
8
What is the hundreds digit of 269667509?
5
What is the hundreds digit of 18457039?
0
What is the units digit of 235734020?
0
What is the hundred thousands digit of 117981849?
9
What is the ten millions digit of 1675540420?
7
What is the ten thousands digit of 97561197?
6
What is the millions digit of 310094310?
0
What is the thousands digit of 2513061754?
1
What is the thousands digit of 85282265?
2
What is the hundreds digit of 166601563?
5
What is the hundred thousands digit of 49999553?
9
What is the units digit of 44841467?
7
What is the millions digit of 1455478599?
5
What is the hundred millions digit of 252476322?
2
What is the ten thousands digit of 646394698?
9
What is the hundred thousands digit of 1837600557?
6
What is the ten millions digit of 8425123759?
2
What is the ten millions digit of 10558980?
1
What is the thousands digit of 8854676?
4
What is the thousands digit of 6370725766?
5
What is the millions digit of 26194624?
6
What is the units digit of 474677197?
7
What is the hundred millions digit of 275101595?
2
What is the thousands digit of 200604557?
4
What is the tens digit of 36511026?
2
What is the units digit of 695397427?
7
What is the hundreds digit of 3376539952?
9
What is the millions digit of 35862932?
5
What is the hundred thousands digit of 614462366?
4
What is the thousands digit of 7104934696?
4
What is the thousands digit of 42099303?
9
What is the units digit of 53559909?
9
What is the units digit of 1308847618?
8
What is the hundreds digit of 65091941?
9
What is the hundred thousands digit of 166281464?
2
What is the hundred thousands digit of 58013278?
0
What is the hundred thousands digit of 111924459?
9
What is the tens digit of 3454392402?
0
What is the ten thousands digit of 71888727?
8
What is the ten millions digit of 1057020225?
5
What is the hundreds digit of 6203212?
2
What is the hundred millions digit of 1862892480?
8
What is the tens digit of 6026464143?
4
What is the hundreds digit of 4658144?
1
What is the millions digit of 2543376895?
3
What is the hundreds digit of 6520387399?
3
What is the tens digit of 49038048?
4
What is the hundred thousands digit of 617506170?
5
What is the hundred thousands digit of 364099704?
0
What is the hundreds digit of 6408123?
1
What is the millions digit of 48883684?
8
What is the millions digit of 626055038?
6
What is the hundred thousands digit of 95267553?
2
What is the millions digit of 4289199201?
9
What is the units digit of 522546217?
7
What is the millions digit of 150674248?
0
What is the millions digit of 1245347951?
5
What is the ten millions digit of 349242437?
4
What is the hundreds digit of 198345979?
9
What is the tens digit of 24635411?
1
What is the hundred millions digit of 165658600?
1
What is the hundred thousands digit of 69037394?
0
What is the millions digit of 13832336?
3
What is the hundred millions digit of 2651170451?
6
What is the ten millions digit of 564269934?
6
What is the thousands digit of 102710215?
0
What is the hundred millions digit of 1252686260?
2
What is the ten millions digit of 238464723?
3
What is the thousands digit of 467728725?
8
What is the thousands digit of 123513561?
3
What is the tens digit of 184130989?
8
What is the units digit of 36346173?
3
What is the tens digit of 40293231?
3
What is the thousands digit of 93736394?
6
What is the thousands digit of 1309055720?
5
What is the thousands digit of 307241095?
1
What is the ten thousands digit of 5274314629?
1
What is the ten millions digit of 117261563?
1
What is the tens digit of 609064961?
6
What is the units digit of 2056286448?
8
What is the tens digit of 62448347?
4
What is the ten millions digit of 448941345?
4
What is the ten millions digit of 1113207213?
1
What is the ten thousands digit of 28543493?
4
What is the ten millions digit of 488043911?
8
What is the tens digit of 5571718160?
6
What is the ten thousands digit of 320062953?
6
What is the units digit of 49928969?
9
What is the ten millions digit of 39506313?
3
What is the hundred thousands digit of 2710609070?
6
What is the thousands digit of 129466984?
6
What is the hundred millions digit of 425580116?
4
What is the units digit of 1925910136?
6
What is the tens digit of 1917880471?
7
What is the ten thousands digit of 98173159?
7
What is the ten thousands digit of 2196400598?
0
What is the hundred millions digit of 4562339696?
5
What is the units digit of 271377164?
4
What is the tens digit of 569383515?
1
What is the tens digit of 893234664?
6
What is the thousands digit of 99829975?
9
What is the thousands digit of 292452674?
2
What is the ten millions digit of 18954600?
1
What is the units digit of 1265516147?
7
What is the hundred thousands digit of 3251092817?
0
What is the ten thousands digit of 696111233?
1
What is the hundred millions digit of 139696131?
1
What is the millions digit of 113724607?
3
What is the units digit of 348773817?
7
What is the hundred thousands digit of 229701081?
7
What is the hundred millions digit of 2928588286?
9
What is the units digit of 318958345?
5
What 